ase 6?
-3
What is -1a7 (base 14) in base 3?
-110201
2 (base 7) to base 11
2
What is 11110 (base 2) in base 5?
110
Convert 10020 (base 3) to base 8.
127
What is 1 (base 13) in base 14?
1
Convert 8 (base 16) to base 8.
10
What is 1104 (base 5) in base 3?
12201
-10 (base 15) to base 16
-f
What is 12 (base 6) in base 9?
8
27 (base 13) to base 9
36
4 (base 5) to base 6
4
Convert -14 (base 9) to base 10.
-13
What is -52 (base 11) in base 12?
-49
Convert -4c (base 14) to base 11.
-62
Convert 5 (base 14) to base 9.
5
Convert -1 (base 13) to base 4.
-1
-42 (base 9) to base 14
-2a
What is -10 (base 11) in base 14?
-b
2a (base 16) to base 12
36
What is 1133 (base 5) in base 2?
10101000
23 (base 7) to base 4
101
Convert 1 (base 5) to base 13.
1
-2 (base 3) to base 7
-2
Convert c (base 16) to base 2.
1100
What is 89 (base 11) in base 15?
67
What is -5 (base 10) in base 12?
-5
What is -13 (base 6) in base 7?
-12
-2 (base 12) to base 13
-2
What is -11 (base 5) in base 7?
-6
Convert -1 (base 3) to base 6.
-1
What is -54 (base 6) in base 7?
-46
What is -221 (base 6) in base 13?
-67
Convert -144 (base 7) to base 12.
-69
-2 (base 10) to base 5
-2
-311 (base 5) to base 2
-1010001
What is 5 (base 13) in base 14?
5
What is 2 (base 9) in base 6?
2
Convert -3 (base 6) to base 10.
-3
Convert -202 (base 6) to base 2.
-1001010
14 (base 8) to base 16
c
1 (base 5) to base 4
1
-9 (base 15) to base 12
-9
-1 (base 11) to base 8
-1
Convert -7 (base 12) to base 5.
-12
Convert 3 (base 11) to base 3.
10
What is a (base 15) in base 7?
13
-26 (base 12) to base 2
-11110
-20 (base 3) to base 6
-10
13 (base 7) to base 12
a
Convert 6 (base 7) to base 9.
6
Convert -51 (base 16) to base 11.
-74
Convert 18 (base 12) to base 13.
17
3 (base 13) to base 6
3
Convert -43 (base 6) to base 3.
-1000
-14 (base 8) to base 7
-15
Convert 64 (base 11) to base 4.
1012
10101 (base 2) to base 6
33
What is -3 (base 16) in base 15?
-3
31 (base 7) to base 6
34
What is -1 (base 12) in base 16?
-1
Convert bb (base 16) to base 9.
227
What is 7 (base 10) in base 16?
7
What is 105 (base 6) in base 2?
101001
-4 (base 11) to base 3
-11
What is -126 (base 11) in base 3?
-12112
231 (base 4) to base 5
140
Convert 1 (base 7) to base 4.
1
Convert d (base 14) to base 11.
12
What is 2 (base 9) in base 3?
2
What is -39 (base 16) in base 7?
-111
-20 (base 8) to base 7
-22
What is b0 (base 15) in base 2?
10100101
Convert -4 (base 12) to base 11.
-4
Convert 102 (base 6) to base 13.
2c
Convert -3 (base 13) to base 4.
-3
Convert 65 (base 8) to base 14.
3b
What is -1002 (base 3) in base 6?
-45
What is 110 (base 2) in base 9?
6
-6 (base 7) to base 13
-6
3 (base 10) to base 15
3
What is -6 (base 13) in base 5?
-11
-1000 (base 2) to base 16
-8
What is 1 (base 11) in base 5?
1
What is 10 (base 15) in base 5?
30
3 (base 15) to base 5
3
Convert -1c (base 15) to base 5.
-102
Convert 1b0 (base 13) to base 11.
264
Convert -10202 (base 3) to base 4.
-1211
What is -10 (base 2) in base 14?
-2
Convert 104 (base 8) to base 3.
2112
100 (base 2) to base 7
4
8 (base 13) to base 6
12
Convert -a3 (base 16) to base 4.
-2203
Convert -6 (base 15) to base 5.
-11
What is -4 (base 15) in base 9?
-4
What is -12 (base 8) in base 7?
-13
What is -3 (base 12) in base 8?
-3
Convert -11 (base 5) to base 10.
-6
What is -2 (base 13) in base 12?
-2
-1 (base 13) to base 4
-1
Convert e (base 15) to base 6.
22
-64 (base 13) to base 5
-312
-14 (base 7) to base 2
-1011
Convert 1 (base 12) to base 15.
1
-14 (base 14) to base 2
-10010
-4 (base 11) to base 9
-4
3 (base 5) to base 16
3
What is -78 (base 14) in base 5?
-411
What is 4 (base 6) in base 11?
4
Convert -21 (base 3) to base 5.
-12
1 (base 12) to base 14
1
Convert 0 (base 7) to base 2.
0
What is 11 (base 10) in base 4?
23
Convert -142 (base 11) to base 4.
-2213
What is -11 (base 4) in base 5?
-10
31 (base 13) to base 11
37
11 (base 6) to base 4
13
What is -25 (base 8) in base 7?
-30
2 (base 15) to base 7
2
What is 2100 (base 3) in base 14?
47
Convert -83 (base 11) to base 12.
-77
Convert 11100 (base 2) to base 5.
103
Convert 3 (base 10) to base 9.
3
Convert -2 (base 9) to base 5.
-2
121 (base 6) to base 10
49
What is 13 (base 10) in base 12?
11
-d (base 15) to base 9
-14
What is 101 (base 2) in base 14?
5
What is -97 (base 11) in base 12?
-8a
Convert 11 (base 16) to base 12.
15
155 (base 7) to base 11
81
Convert 4 (base 10) to base 14.
4
Convert -4 (base 14) to base 12.
-4
Convert 51 (base 6) to base 10.
31
1b (base 15) to base 7
35
Convert -13 (base 11) to base 12.
-12
What is -62 (base 16) in base 4?
-1202
What is 3 (base 9) in base 10?
3
1a (base 11) to base 3
210
10000111 (base 2) to base 4
2013
What is 136 (base 9) in base 2?
1110010
What is 2 (base 4) in base 10?
2
12 (base 3) to base 14
5
Convert 10211 (base 3) to base 7.
205
74 (base 16) to base 2
1110100
226 (base 8) to base 13
b7
Convert 3 (base 14) to base 8.
3
Convert -112 (base 15) to base 14.
-134
Convert 2 (base 8) to base 12.
2
What is -150 (base 6) in base 2?
-1000010
What is d6 (base 14) in base 11?
161
334 (base 5) to base 11
86
What is 13 (base 11) in base 9?
15
Convert 123 (base 5) to base 2.
100110
What is -1 (base 16) in base 15?
-1
What is 17 (base 10) in base 11?
16
112 (base 6) to base 2
101100
Convert 124 (base 13) to base 3.
21101
What is 161 (base 7) in base 2?
1011100
What is 2 (base 5) in base 15?
2
12 (base 8) to base 3
101
4 (base 8) to base 2
100
47 (base 12) to base 7
106
What is -323 (base 4) in base 8?
-73
-101 (base 4) to base 16
-11
What is -97 (base 14) in base 9?
-157
Convert 11 (base 10) to base 2.
1011
3 (base 16) to base 8
3
Convert 14 (base 10) to base 8.
16
What is -1101001 (base 2) in base 9?
-126
Convert -2 (base 5) to base 7.
-2
Convert -1 (base 10) to base 13.
-1
What is -22210 (base 3) in base 7?
-456
11101 (base 2) to base 5
104
Convert -11a (base 11) to base 4.
-2032
Convert -8 (base 16) to base 11.
-8
10 (base 2) to base 8
2
Convert 23 (base 6) to base 5.
30
Convert -211 (base 4) to base 8.
-45
What is 11121 (base 3) in base 7?
235
Convert -3 (base 15) to base 6.
-3
-40 (base 13) to base 15
-37
What is 12 (base 15) in base 3?
122
Convert 13 (base 12) to base 7.
21
Convert -2 (base 3) to base 10.
-2
-3 (base 5) to base 2
-11
Convert -41 (base 7) to base 10.
-29
What is -2123 (base 4) in base 11?
-131
What is -244 (base 8) in base 10?
-164
1 (base 7) to base 13
1
What is -1100 (base 2) in base 9?
-13
What is -2 (base 7) in base 14?
-2
-69 (base 10) to base 16
-45
What is -91 (base 12) in base 13?
-85
-334 (base 6) to base 10
-130
-3 (base 7) to base 16
-3
Convert -14 (base 12) to base 2.
-10000
What is -31 (base 4) in base 9?
-14
1 (base 2) to base 4
1
Convert 10 (base 4) to base 7.
4
What is 1 (base 2) in base 9?
1
What is -148 (base 12) in base 4?
-3020
b (base 15) to base 8
13
3b (base 16) to base 2
111011
Convert 100 (base 2) to base 13.
4
Convert -10 (base 7) to base 11.
-7
d (base 15) to base 8
15
Convert -10 (base 14) to base 16.
-e
What is 100 (base 4) in base 8?
20
What is 11 (base 11) in base 2?
1100
Convert -18 (base 12) to base 3.
-202
Convert 3 (base 7) to base 3.
10
Convert 5 (base 6) to base 16.
5
Convert 0 (base 9) to base 12.
0
3a (base 14) to base 4
310
Convert 19 (base 12) to base 3.
210
Convert -12 (base 3) to base 5.
-10
What is 0 (base 5) in base 11?
0
20 (base 3) to base 5
11
10 (base 3) to base 4
3
10 (base 5) to base 9
5
Convert -11111 (base 2) to base 9.
-34
-11 (base 10) to base 2
-1011
Convert 1100011 (base 2) to base 13.
78
3 (base 9) to base 6
3
Convert 212 (base 3) to base 10.
23
-2 (base 13) to base 2
-10
Convert 13 (base 5) to base 2.
1000
What is 102 (base 11) in base 15?
83
What is -21 (base 4) in base 11?
-9
32 (base 8) to base 5
101
4 (base 12) to base 3
11
What is -101001 (base 2) in base 4?
-221
Convert -10220 (base 3) to base 6.
-253
-101 (base 2) to base 7
-5
Convert -1 (base 6) to base 14.
-1
What is -28 (base 13) in base 3?
-1021
Convert 44 (base 15) to base 13.
4c
-23 (base 4) to base 11
-10
What is 2 (base 7) in base 15?
2
What is -a (base 15) in base 10?
-10
What is -3 (base 14) in base 7?
-3
What is -17 (base 8) in base 16?
-f
What is -6 (base 13) in base 10?
-6
-1 (base 16) to base 12
-1
What is 10 (base 11) in base 7?
14
-1 (base 15) to base 2
-1
What is -7